ate g(7).
-162
Let w(f) = 2*f**2 + 4*f - 14. Determine w(-4).
2
Let p(w) = w**2 + 10*w - 14. What is p(-11)?
-3
Let n(p) = -11*p**2 - 2*p - 3. Give n(-2).
-43
Let f(v) = -v + 1. Calculate f(-10).
11
Let w(a) = a**3 + 8*a**2 + a + 3. Give w(-8).
-5
Let i(v) = v + 1. Determine i(6).
7
Let s(b) = -b**2 - 9*b. Calculate s(-9).
0
Let t(m) = -m - 7. What is t(-6)?
-1
Let m(z) = 40*z**3 - z - 1. What is m(-1)?
-40
Let v(u) = 3*u**2 + 36*u + 84. Calculate v(-3).
3
Let z(g) = g**3 + 9*g**2 + 17*g - 1. Calculate z(-8).
-73
Let w(c) = c**3 + 7*c**2 + 8*c - 2. What is w(-7)?
-58
Let c(i) = i**3 - 7*i**2 - 10*i + 3. What is c(8)?
-13
Let l(a) = -a**3 - 24*a**2 + 27*a + 58. What is l(-25)?
8
Let i(t) = 9*t**2 + 4. Calculate i(2).
40
Let t(g) = g**3 + 6*g**2 + 5*g - 11. Determine t(-5).
-11
Let y(i) = -3*i - 6. Give y(-3).
3
Let r(a) = a - 11. What is r(11)?
0
Let l(i) = -2*i**3 + 2*i**2 + 3*i - 2. Give l(2).
-4
Let f(s) = 3*s**3 + 2*s**2 - 6*s - 6. What is f(-3)?
-51
Let v(y) = -4*y - 7. What is v(4)?
-23
Let d(u) = -2*u**3 + 28*u**2 + 2*u - 25. Determine d(14).
3
Let n(f) = 93*f - 743. Give n(8).
1
Let x(v) = 62*v - 618. Calculate x(10).
2
Let j(n) = -n**2 + 15*n + 4. Determine j(15).
4
Let p(m) = m**3 + 4*m**2 - 2. Determine p(-3).
7
Let m(g) = -g**2 - 16*g + 22. Calculate m(-18).
-14
Let w(o) = -30*o + 17. What is w(4)?
-103
Let h(d) = d**2 + 13*d + 16. What is h(-11)?
-6
Let l(o) = -o**2 - 16*o + 38. Give l(-18).
2
Let x(l) = 299*l - 2685. Determine x(9).
6
Let w(c) = -c**2 + 6*c - 4. Calculate w(5).
1
Let v(f) = -2*f - 36. Give v(-11).
-14
Let u(p) = 4*p**3 + p**2 - p. Calculate u(-1).
-2
Let x(j) = -8*j - 132. Give x(-15).
-12
Let c(r) = -2*r + 14. Determine c(-11).
36
Let v(s) = s - 12. What is v(0)?
-12
Let k(v) = -v**3 + 15*v**2 - 26*v + 14. Calculate k(13).
14
Let j(s) = -s**2 - 6*s + 12. What is j(-10)?
-28
Let h(f) = -2*f - 3. Give h(-4).
5
Let t(g) = g**3 + 9*g**2 - 10*g + 10. What is t(-10)?
10
Let h(k) = -k**2 + 13*k - 19. Give h(5).
21
Let x(i) = -2*i**2 + 3*i. Give x(3).
-9
Let d(j) = -3*j + 106. What is d(12)?
70
Let w(m) = 3*m**2 + 18*m - 12. Give w(-6).
-12
Let s(b) = -38*b + 8. Give s(1).
-30
Let y(n) = 9*n - 12. Calculate y(3).
15
Let o(c) = -c**2 + 8*c + 3. What is o(10)?
-17
Let y(c) = -21*c - 131. Calculate y(-6).
-5
Let b(k) = k**2 - 3*k + 6. What is b(3)?
6
Let s(d) = 2*d**3 + 4*d**2 + 2*d + 4. Determine s(-3).
-20
Let t(z) = -z**2 + 30*z - 105. What is t(28)?
-49
Let j(i) = -15*i + 119. What is j(7)?
14
Let n(y) = y**2 + 12*y - 115. Give n(-14).
-87
Let i(c) = c - 7. Determine i(-6).
-13
Let n(s) = -s**2 + 7*s - 7. Calculate n(6).
-1
Let m(r) = 2*r**2 - r - 1. Give m(-2).
9
Let w(b) = -5*b + 4. What is w(3)?
-11
Let v(u) = -3*u**2 - 11*u + 15. Give v(-9).
-129
Let l(o) = -15*o + 51. Determine l(7).
-54
Let x(u) = -u**2 + 18*u + 8. Determine x(13).
73
Let k(x) = x**3 - 3*x**2 - 19*x + 40. What is k(5)?
-5
Let o(n) = n**3 - 3*n**2 - 2*n - 30. Calculate o(0).
-30
Let f(x) = x**3 + 19*x**2 - 61*x + 116. Determine f(-22).
6
Let a(h) = -10*h**2 + 7*h + 7. Determine a(-3).
-104
Let a(w) = -w**2 - 16*w - 7. What is a(-14)?
21
Let v(z) = -2*z**2 + 1. Give v(-2).
-7
Let r(d) = d**3 + 27*d**2 - 57*d + 26. Calculate r(-29).
-3
Let a(k) = k**2 + 7*k - 3. Calculate a(-6).
-9
Let u(b) = b**2 + 4*b - 4. Calculate u(-6).
8
Let f(x) = -x**3 + 29*x**2 + 29*x + 40. What is f(30)?
10
Let l(p) = -p**3 + 7*p**2 - 10*p + 9. Give l(6).
-15
Let g(h) = h**2 - 12*h - 16. Determine g(14).
12
Let s(o) = -o**3 - 7*o**2 + 6*o - 10. Determine s(-8).
6
Let w(p) = -p**2 + 17*p + 478. Give w(32).
-2
Let d(u) = 2*u**2 - 3*u - 1. Calculate d(-2).
13
Let i(p) = -p**3 - 21*p**2 + 22*p + 3. What is i(-22)?
3
Let d(x) = -x**3 - 32*x**2 - 28*x + 87. What is d(-31)?
-6
Let z(d) = -d**2 - 39*d - 359. Calculate z(-14).
-9
Let o(b) = -2*b**2 + 3*b + 2. Determine o(-3).
-25
Let p(l) = -3*l**3 - l**2 + l + 1. Give p(1).
-2
Let o(m) = m**3 - 3*m**2 - m - 7. Give o(4).
5
Let z(j) = -j**3 + 11*j**2 - 17*j - 3. Determine z(9).
6
Let a(o) = -7*o + 4. Determine a(-4).
32
Let n(w) = w**2 + 16*w + 54. Determine n(-12).
6
Let u(f) = -f**3 + 5*f**2 + 17*f - 18. Calculate u(7).
3
Let r(l) = 2*l**2 - 2*l - 11. What is r(3)?
1
Let z(u) = -u**3 - 37*u**2 - 103*u - 53. Calculate z(-34).
-19
Let b(f) = 3*f - 31. Calculate b(13).
8
Let o(y) = y**3 - 6*y**2 + 2*y + 2. What is o(2)?
-10
Let h(y) = -y**3 + 3*y**2 - 3*y - 3. Calculate h(3).
-12
Let z(h) = -5*h - 71. Give z(-10).
-21
Let l(h) = 13*h - 762. Calculate l(59).
5
Let a(u) = u**3 + 2*u**2 - 4. Give a(-2).
-4
Let u(t) = t**2 + 28*t - 128. Determine u(-32).
0
Let n(m) = -24*m**2. What is n(-1)?
-24
Let a(o) = 74*o - 14. Give a(3).
208
Let b(i) = i**2 + 7*i - 12. What is b(-8)?
-4
Let p(k) = -3*k + 5. Determine p(8).
-19
Let i(l) = l**3 - 13*l**2 - 6*l + 31. Determine i(13).
-47
Let g(r) = -106*r - 320. Give g(-3).
-2
Let w(f) = -f**3 + 7*f**2 - 8*f + 7. What is w(5)?
17
Let s(b) = -b**3 - 11*b**2 - 8*b + 9. Calculate s(-10).
-11
Let x(v) = -v**2 - 3*v + 24. What is x(-7)?
-4
Let n(b) = -5*b**3 - b**2 + 3*b - 2. Calculate n(1).
-5
Let t(h) = -h**3 + 12*h**2 + 15*h - 18. Determine t(13).
8
Let y(n) = n**3 - 33*n**2 + 33*n - 38. Calculate y(32).
-6
Let u(q) = -q + 9. Give u(-7).
16
Let h(f) = f**2 - 11*f. Give h(7).
-28
Let t(o) = o**3 - 10*o**2 + o + 2. Calculate t(4).
-90
Let h(b) = 3*b + 6. What is h(7)?
27
Let b(j) = -30*j + 1. Determine b(1).
-29
Let w(b) = b**3 + 11*b**2 - 2*b. Calculate w(-11).
22
Let b(y) = -y**2 + 23*y + 13. Calculate b(11).
145
Let v(k) = -k**3 + 6*k**2 - 7*k - 7. Determine v(7).
-105
Let f(n) = 5*n + 62. Calculate f(-11).
7
Let l(r) = -r**2 + 15*r + 41. What is l(19)?
-35
Let r(p) = p. Calculate r(-8).
-8
Let b(y) = y**3 - y**2 + y + 1. Give b(-2).
-13
Let z(c) = 9*c**2 + c + 2. Determine z(-1).
10
Let j(n) = -2*n**3 - 3*n**2 + 33*n + 66. What is j(-2)?
4
Let m(g) = 2*g**2 - 14*g - 17. Determine m(9).
19
Let x(o) = -3*o. Calculate x(2).
-6
Let c(y) = -60*y + 426. What is c(7)?
6
Let i(f) = f**2 - 16*f - 2. What is i(0)?
-2
Let s(g) = -g + 48. Calculate s(65).
-17
Let n(l) = -l - 6. Calculate n(-5).
-1
Let b(h) = -h**3 - 9*h**2 + 4*h + 20. Determine b(-9).
-16
Let t(n) = -6*n - 12. Determine t(-3).
6
Let r(z) = -z**3 - 12*z**2 - 9*z + 24. Determine r(-11).
2
Let w(l) = 18*l + 51. Calculate w(-3).
-3
Let g(n) = -n**3 - 5*n**2 + 14*n + 29. What is g(-7)?
29
Let h(b) = 2*b**2 - 12*b. Calculate h(8).
32
Let v(g) = -g**3 - g**2 + 73*g + 11. What is v(-9)?
2
Let y(h) = -h**2 - 3*h. Calculate y(7).
-70
Let r(l) = -l**2 + l - 2. What is r(0)?
-2
Let b(o) = 2*o - 24. Give b(13).
2
Let j(i) = -54*i - 601. Calculate j(-11).
-7
Let x(c) = -39*c**3 - c**2 - c - 1. Give x(-1).
38
Let t(v) = v**2 - 4*v - 43. What is t(8)?
-11
Let r(q) = -q + 31. What is r(14)?
17
Let z(u) = -9*u - 11. Determine z(-1).
-2
Let y(k) = -2*k**2 + 2*k - 1. What is y(6)?
-61
Let m(x) = 19*x + 38. Determine m(-8).
-114
Let y(q) = -49*q**2 - 51*q - 1. What is y(-1)?
1
Let n(a) = -a**3 - 7*a**2 - 9*a - 18. Give n(-6).
0
Let z(c) = -c**3 + 21*c**2 + c - 11. Calculate z(21).
10
Let s(d) = -d**2 + 26*d - 14. What is s(21)?
91
Let g(x) = 3*x - 59. What is g(17)?
-8
Let h(r) = -r**3 + 3*r**2 + 2*r. Calculate h(4).
-8
Let z(d) = -d**2 - d - 4. Give z(4).
-24
Let z(q) = -22*q**2 + 3*q + 2. Determine z(-1).
-23
Let v(a) = 6*a**2 - 40*a - 10. Give v(9).
116
Let r(u) = 6*u - 1. Give r(-7).
-43
Let q(h) = h**3 + 23*h**2 + 26*h + 45. Give q(-22).
-43
Let w(x) = -x**2 + 18*x - 27. Calculate w(16).
5
Let b(h) = h**3 - 6*h**2 - 6*h + 1. Give b(7).
8
Let k(l) = -3*l - 2. Give k(-6).
16
Let i(f) = f**3 - 12*f**2 - 2*f + 27. Calculate i(12).
3
Let v(q) = 2*q + 13. What is v(-3)?
7
Let z(x) = -x**2 + 1. Calculate z(-1).
0
Let m(b) = -3*b**2 + b + 72. What is m(5)?
2
Let q(h) = h**3 + 7*h**2 - 12*h + 7. Give q(-9).
-47
Let w(t) = -t**2 - 8*t - 6. Give w(-5).
9
Let s(n) = -10*n**2 + n + 2. Give s(-1).
-9
Let a(k) = -k**3 - 21*k**2 + 21*k - 24. Calculate a(-22).
-2
Let j(w) = 2*w**3 + w**2 + 2*w + 2. Give j(-2).
-14
Let p(v) = 21*v - 487. Determine p(23).
-4
Let f(l) = -5*l**3 + 6*l**2 + 11*l + 4. Determine f(-1).
4
Let f(v) = -20*v**3 + 2*v - 1. Calculate f(1).
-19
Let b(r) = 2*r + 17. Calculate b(-6).
5
Let k(w) = w**3 + w**2 - 3*w + 5. Give k(2).
11
Let c(t) = 2*t - 11. C